re the prime factors of y + 0 - (-5)/1?
2, 3
Let u be 20/2*6/15. Suppose -l + u*l - 3*r = 153, -2*l = -3*r - 97. List the prime factors of l.
2, 7
Suppose 7 = 3*a - 2. Let f be 42/5 - (-10)/(-25). Suppose 0 = 2*s + f, a*j = 4*j + 3*s - 5. List the prime factors of j.
17
Suppose -3*l + 5*y + 93 = -141, l - 3*y = 82. What are the prime factors of l?
73
Let z(b) = -2*b - 5. Let h be ((-2)/2*0)/(-2). Let p(t) = t**3 - t - 8. Let a be p(h). What are the prime factors of z(a)?
11
Suppose -5*u + 29 = -3*i, -2 = -3*u + 10. Let r = -3 + 11. Let x = r + i. What are the prime factors of x?
5
Let l = 0 + 5. Suppose 3*p + 9 = l*w, 5*w - 3*w - 4*p = -2. Suppose 2*q + w*q - 35 = 0. List the prime factors of q.
7
Let v(x) = x - 1. Let d be v(3). Let s be (-11)/(-3) + d/(-3). Suppose s*a - 27 = c + 6, 4*c + 48 = 5*a. What are the prime factors of a?
2, 3
Suppose 0 = -5*j + 3*m + 33, 0*j + 7 = j - m. Let l(r) = r - r + 2*r - 3. What are the prime factors of l(j)?
3
Let v = 10 - 13. What are the prime factors of (2/v)/(2/(-21))?
7
What are the prime factors of (9/(-4))/(5 + 2947/(-588))?
3, 7
Let r = -89 - -54. Let m = -4 - r. What are the prime factors of m?
31
Let k(j) = -j**2 + 25*j + 29. List the prime factors of k(17).
3, 5, 11
Let y(r) = r**2 + 8*r - 4. Let t = -13 + 5. Let b be (34/t - -2)*4. List the prime factors of y(b).
5
Suppose 4*f = s - 30, -4*s = -3*f - 77 + 9. What are the prime factors of s?
2, 7
Let l = -3 + 47. List the prime factors of l.
2, 11
Suppose -19 = -u + 5*b, -5*u + 2*b = 7*b - 65. Let d = u - 0. List the prime factors of d.
2, 7
Let b(w) = 5*w + 4. Let m(n) = -2*n - 2. Let y(z) = -4*b(z) - 9*m(z). Let i = -1 + -3. What are the prime factors of y(i)?
2, 5
Let b(g) = -g**2 - 4*g + 6. Let f be b(-5). Let n(l) = l - 1. Let z be n(f). List the prime factors of (4/(-6) + z)*-9.
2, 3
Suppose 207 = -5*x + 57. Let g = 0 - x. Suppose k = 4*k - g. What are the prime factors of k?
2, 5
Let u(d) = -2*d + 7. Let j be u(6). Let r = j - 3. Let l = 15 + r. What are the prime factors of l?
7
Suppose 0 = 3*p - 8*p + 465. List the prime factors of p.
3, 31
Suppose -5*i + 182 + 188 = 0. List the prime factors of i.
2, 37
Let z be 98/21 + (-4)/6. List the prime factors of z/(-8) + 57/6.
3
Let p = -16 - -25. List the prime factors of p.
3
Let a(g) = -g**3 + 6*g**2 + g - 6. Let x be a(6). Suppose -6*f + n = -4*f - 20, x = -f - 2*n. Suppose -4*v + 6*v - f = 0. What are the prime factors of v?
2
Suppose 7*n - 2*n + 35 = 0. Let o = n + 12. Suppose o*r - 5 = 10. What are the prime factors of r?
3
Suppose 17*b - 1423 - 974 = 0. What are the prime factors of b?
3, 47
Suppose 0 = -5*n + 4*n + 3. Let m(l) = 8*l + 0*l - 2*l + 4 - l**2. List the prime factors of m(n).
13
Let r(d) = -d**3 - 5*d**2 + 5. Let k be r(-5). Let j = 10 - 14. List the prime factors of (2/k)/(j/(-20)).
2
Suppose 8 = 5*n - 2. Suppose 5*m = -n*y + 101, -m + 93 = 3*y - 26. Suppose -2*r = 5*p - y, -r = -2*p - 6*r + 32. List the prime factors of p.
2, 3
Let j(m) = m**3 - 11*m**2 - 11*m + 17. What are the prime factors of j(12)?
29
Let n = -1 + 1. Let q = 3 + n. Suppose 3*f = 2*f + q. What are the prime factors of f?
3
Let z = 100 - 71. List the prime factors of z.
29
Let o(w) = 6 + w**2 + w**2 - 3*w**2 - 13*w + 8. Let p be 40/(-3) + (-2)/(-6). What are the prime factors of o(p)?
2, 7
Let t = -4 - 0. Let l = t - -6. What are the prime factors of (l/4)/((-3)/(-12))?
2
Let r = -19 + 34. List the prime factors of r.
3, 5
Let m = 46 - 32. Suppose -3*w + 19 = -m. What are the prime factors of w?
11
Let y(b) = 9*b + 11. Let k(i) = 4*i + 6. Let q(v) = 7*k(v) - 3*y(v). List the prime factors of q(0).
3
Let s = 149 + -78. List the prime factors of s.
71
List the prime factors of (56/(-24))/(((-4)/(-42))/(-2)).
7
Let b be -3*4/(-6) - -2. List the prime factors of 55/b - 6/(-24).
2, 7
Let g(r) = -15*r + 19. Let n(x) = -7*x + 9. Let o(h) = 4*g(h) - 9*n(h). Let k = 3 + 3. List the prime factors of o(k).
13
Let s(o) = -24*o - 1. What are the prime factors of s(-2)?
47
List the prime factors of 27 + (-1)/(4/(-8)).
29
Let d = -6 + 3. Let i = d + 26. Let m = 33 - i. List the prime factors of m.
2, 5
Let a be 6/4*(-30)/(-9). Suppose 44 = v - a*v. List the prime factors of (2 - 3)/1*v.
11
Suppose 0 = -w + 18 + 27. Suppose -n = 2*a - 13, -5*n - 15 + w = 3*a. Suppose n*c + q = 24, 0 = 2*c + c - 5*q - 24. List the prime factors of c.
2
Suppose -3*q + r = 5*r - 165, 258 = 5*q + r. What are the prime factors of q?
3, 17
Let c(n) = -2*n - 12. Let l be c(-9). What are the prime factors of 1/(-2) - (-81)/l?
13
Let z(m) = -2*m**2 + 2*m + 2. Let h be z(-2). What are the prime factors of (-11 - h)/(2/(-40))?
2, 5
Suppose 2*c = 4*b - 1402, -b + 4*b - 1034 = 5*c. What are the prime factors of b?
353
Let k(i) = i**3 + 4*i**2 - 3*i - 2. Let s be k(-5). What are the prime factors of -1*(-3 - s/(-3))?
7
Let r(p) = p + 2. Let z be r(0). Let h = 7 + -7. Suppose z*m = -h + 12. What are the prime factors of m?
2, 3
Suppose -54 = -2*d + 98. Let r = d - 21. What are the prime factors of r?
5, 11
Let n(x) = x**2 - 5*x + 3. Let f be n(4). List the prime factors of 0/(-2) + (-7)/f.
7
Let o(h) = -13*h + 1. Let c(j) = -12*j + 1. Let p(v) = -5*c(v) + 6*o(v). What are the prime factors of p(-1)?
19
Let m(q) = q**2 - q - 2. Let u be m(2). Suppose u*a = -a + 5. List the prime factors of a.
5
Suppose 0*u - 69 = -3*h - u, -23 = -h - 5*u. What are the prime factors of h?
23
Let i(r) = r**2 + 5*r + 17. List the prime factors of i(9).
11, 13
Let x = 44 + 6. Suppose 0 = -4*j - 2*n + 22, 4*n + 5 - 21 = -j. Suppose x = j*f + f. List the prime factors of f.
2, 5
Let r = -11 + 21. What are the prime factors of r?
2, 5
Suppose -2*c + 5*c - 117 = -m, -460 = -4*m - 4*c. What are the prime factors of m?
2, 3, 19
Let j = 6 + -6. Suppose j = t - 4 - 0. What are the prime factors of t?
2
Suppose 5*q + 30 = -5*o, 0*q + 17 = -2*q - 3*o. Let m(z) = 44*z - 1. Let p be m(q). Let j = -26 - p. List the prime factors of j.
19
Let c(m) = -4*m. Suppose -2*w = -6*w - 16. Let d be c(w). Let j = -10 + d. List the prime factors of j.
2, 3
Suppose 2*c - 77 - 31 = 0. List the prime factors of c.
2, 3
Let s(o) = 2*o + 1 - 5 + 0*o. Let r be s(5). Suppose 2*c - r = 6. List the prime factors of c.
2, 3
Let a(x) = 67*x - 5. What are the prime factors of a(2)?
3, 43
Let i = -6 + 4. Let r(q) = -9*q + 1. What are the prime factors of r(i)?
19
List the prime factors of 3/(-3*(-1)/335).
5, 67
Let q = 7 + -6. Suppose -g = -3 - q. Let x(w) = 3*w - 3. List the prime factors of x(g).
3
What are the prime factors of ((-522)/(-45))/(2/10)?
2, 29
Let s(t) = t - 1. Let l be s(9). Let u = -4 + l. What are the prime factors of u?
2
Suppose 2*f + f = -33. Let m = 31 + f. Suppose -2*i - a = -m, i + 24 = 3*i - a. What are the prime factors of i?
11
Suppose -8*s + 810 = 146. What are the prime factors of s?
83
Let b(o) be the second derivative of 3*o**5/5 - o**4/6 + o**2/2 - o. List the prime factors of b(1).
11
What are the prime factors of (-3628)/(-14) + 1/28*-4?
7, 37
Let s = -30 + 50. What are the prime factors of s?
2, 5
Suppose -3*b = 12 - 78. List the prime factors of b.
2, 11
Let f(v) = -2*v**2 + v - 2. Let i be -4 - (-1 - (0 + 1)). Let r be f(i). Let c = -7 - r. List the prime factors of c.
5
Let y = 13 - -110. List the prime factors of y.
3, 41
Let w = 80 + -49. What are the prime factors of w?
31
Suppose -4*i - 4 = -5*i. Suppose -i*t = t - 90. List the prime factors of t.
2, 3
Let t(v) = v**3 + 8*v**2 - 7*v - 8. Let w be t(-8). Suppose 17 + w = 5*o. List the prime factors of o.
13
Let u(h) = -6*h + 23. Let i(x) = 21*x - 81. Let n = 1 + -6. Let a(s) = n*i(s) - 18*u(s). What are the prime factors of a(7)?
2, 3
Let i(o) = -o**3 - o**2 - o + 3. Let n be 6/(-12) - (-2)/4. List the prime factors of i(n).
3
Let x be (-5)/(-6) + (-5)/(-30). Let w(m) = m**2 + 2*m - 1. Let y be w(x). Suppose 0*c + y*k + 35 = 3*c, -k - 1 = 0. What are the prime factors of c?
11
Let q(t) = -t**2 - 8*t + 3. Suppose -2*k + 1 = -3. Suppose -k = u + 4. List the prime factors of q(u).
3, 5
Suppose 5*n = -5*r + 15, 10*r - 4*n - 6 = 5*r. Suppose -2*a + r*x = -16, a - 3*a = 5*x - 2. Let g = -1 + a. What are the prime factors of g?
5
Suppose 0 = -2*g - 0*g + 2*c - 92, c = 4*g + 172. Let x = -25 - g. List the prime factors of